 877, 1301
What are the prime factors of 2362029365?
5, 19, 24863467
List the prime factors of 28153870.
2, 5, 17, 165611
What are the prime factors of 88442131?
19, 61, 137, 557
List the prime factors of 748644614.
2, 374322307
List the prime factors of 2045347574.
2, 31, 32989477
List the prime factors of 3204757965.
3, 5, 43, 103, 48239
What are the prime factors of 1168748561?
3119, 374719
List the prime factors of 3460684448.
2, 13, 47, 263, 673
List the prime factors of 156756314.
2, 11, 13, 548099
What are the prime factors of 971448797?
11, 929, 95063
List the prime factors of 44809264.
2, 773, 3623
List the prime factors of 79170744.
2, 3, 103, 32027
What are the prime factors of 13597609?
41, 8089
List the prime factors of 7140688791.
3, 2380229597
List the prime factors of 514217825.
5, 11, 733, 2551
What are the prime factors of 47414781?
3, 619, 2837
List the prime factors of 750893899.
7, 1493, 71849
List the prime factors of 502601374.
2, 11, 22845517
What are the prime factors of 32976607?
32976607
List the prime factors of 4519381351.
67, 4651, 14503
List the prime factors of 769588558.
2, 4057, 94847
What are the prime factors of 111745044?
2, 3, 167, 18587
List the prime factors of 223770125.
5, 19, 94219
List the prime factors of 197757527.
11, 17977957
List the prime factors of 234293327.
234293327
What are the prime factors of 3428213853?
3, 151, 7567801
What are the prime factors of 156969462?
2, 3, 13, 2012429
List the prime factors of 548039247.
3, 7, 109, 239423
What are the prime factors of 36696385?
5, 11, 23, 29009
What are the prime factors of 101313348?
2, 3, 8442779
What are the prime factors of 47010194?
2, 7, 11, 27751
What are the prime factors of 18709278?
2, 3, 7, 9091
What are the prime factors of 437582168?
2, 1367, 40013
What are the prime factors of 853948644?
2, 3, 71162387
List the prime factors of 1595205311.
7, 6577, 34649
What are the prime factors of 33598368?
2, 3, 37, 1051
What are the prime factors of 1257827385?
3, 5, 83855159
What are the prime factors of 1395145971?
3, 51672073
What are the prime factors of 66100930?
2, 5, 7, 17, 55547
List the prime factors of 110746379.
743, 149053
What are the prime factors of 17460743?
401, 43543
What are the prime factors of 253596373?
2687, 94379
List the prime factors of 294985641.
3, 98328547
What are the prime factors of 2610647539?
2683, 973033
List the prime factors of 84915757.
79, 1074883
List the prime factors of 149917495.
5, 7, 13, 329489
What are the prime factors of 3329826657?
3, 71, 15632989
List the prime factors of 416489145.
3, 5, 179, 181, 857
List the prime factors of 481146751.
929, 517919
What are the prime factors of 141036878?
2, 70518439
What are the prime factors of 37644813?
3, 23, 29, 6271
What are the prime factors of 162850702?
2, 7, 1277, 9109
List the prime factors of 1683602187.
3, 53, 10588693
What are the prime factors of 152156311?
152156311
What are the prime factors of 531095829?
3, 11, 23, 61, 11471
List the prime factors of 1745757050.
2, 5, 19, 1837639
What are the prime factors of 19384523?
139, 139457
What are the prime factors of 402587701?
402587701
What are the prime factors of 94115490?
2, 3, 5, 7, 448169
What are the prime factors of 8403378058?
2, 51217, 82037
List the prime factors of 111549856.
2, 11, 316903
What are the prime factors of 804403229?
7, 17, 6759691
What are the prime factors of 248536930?
2, 5, 499, 49807
What are the prime factors of 1307300?
2, 5, 17, 769
List the prime factors of 746981080.
2, 5, 18674527
What are the prime factors of 104154852?
2, 3, 17, 37, 13799
What are the prime factors of 1175616090?
2, 3, 5, 11, 73, 16267
What are the prime factors of 3864378444?
2, 3, 257, 1061, 1181
What are the prime factors of 196230530?
2, 5, 29, 23333
What are the prime factors of 37412935?
5, 7, 1068941
What are the prime factors of 23627838?
2, 3, 13, 302921
What are the prime factors of 276869362?
2, 7, 11, 61, 29473
What are the prime factors of 48649292?
2, 31, 392333
List the prime factors of 363225781.
37, 61, 160933
What are the prime factors of 6536109472?
2, 204253421
What are the prime factors of 2193110994?
2, 3, 251, 509, 2861
List the prime factors of 259357387.
509, 509543
List the prime factors of 46373269.
46373269
What are the prime factors of 3803558541?
3, 6763, 187469
List the prime factors of 28350789.
3, 23, 641
List the prime factors of 142911541.
142911541
List the prime factors of 3763104131.
173, 643, 33829
What are the prime factors of 67582035?
3, 5, 29, 51787
What are the prime factors of 171093661?
17, 37, 272009
List the prime factors of 23419865.
5, 7, 23, 47, 619
What are the prime factors of 112055092?
2, 17, 37, 44537
List the prime factors of 49201254.
2, 3, 2733403
What are the prime factors of 49517351?
13, 277, 13751
What are the prime factors of 455851430?
2, 5, 17, 443, 6053
List the prime factors of 47140034.
2, 617, 38201
What are the prime factors of 513248656?
2, 127, 252583
What are the prime factors of 7703808346?
2, 13, 1951, 151871
What are the prime factors of 1701921468?
2, 3, 13, 163, 66931
What are the prime factors of 6719826468?
2, 3, 419, 1336481
List the prime factors of 111672343.
111672343
What are the prime factors of 265725848?
2, 337, 98563
What are the prime factors of 11895755?
5, 2379151
List the prime factors of 55157375.
5, 7, 13, 373
What are the prime factors of 4598867?
7, 13, 97, 521
List the prime factors of 110271514.
2, 29, 397, 4789
List the prime factors of 24981158.
2, 47, 265757
List the prime factors of 48330248.
2, 6041281
List the prime factors of 4354906344.
2, 3, 223, 813697
What are the prime factors of 3130667883?
3, 7, 1999, 24859
List the prime factors of 55991794.
2, 359, 77983
List the prime factors of 2316172122.
2, 3, 11, 11697839
List the prime factors of 110858347.
5717, 19391
List the prime factors of 103766769.
3, 11529641
What are the prime factors of 4702951378?
2, 37, 347, 183151
What are the prime factors of 10070906?
2, 5035453
What are the prime factors of 1577795524?
2, 16823, 23447
What are the prime factors of 264145365?
3, 5, 11, 263, 2029
List the prime factors of 1199602349.
11, 901279
List the prime factors of 244460879.
13, 18804683
What are the prime factors of 32155801?
32155801
What are the prime factors of 1839989425?
5, 103, 443, 1613
What are the prime factors of 456472491?
3, 17, 283, 31627
What are the prime factors of 76316182?
2, 173, 367, 601
List the prime factors of 1510016188.
2, 47, 8032001
What are the prime factors of 204383740?
2, 5, 11, 571, 1627
List the prime factors of 48299234.
2, 43, 463, 1213
What are the prime factors of 36743200?
2, 5, 13, 3533
What are the prime factors of 190104066?
2, 3, 109, 96893
List the prime factors of 3291167771.
3291167771
What are the prime factors of 3162344439?
3, 19, 521, 106487
What are the prime factors of 708852138?
2, 3, 31, 97, 101, 389
List the prime factors of 904033990.
2, 5, 17, 59, 173, 521
What are the prime factors of 26870612?
2, 6717653
What are the prime factors of 2097691837?
1451, 1445687
What are the prime factors of 148683383?
2207, 67369
What are the prime factors of 206049276?
2, 3, 167, 34273
List the prime factors of 4040794639.
7, 577256377
List the prime factors of 22405783.
22405783
What are the prime factors of 1374026435?
5, 47, 71, 82351
What are the prime factors of 193225052?
2, 67, 89, 8101
List the prime factors of 3241287420.
2, 3, 5, 7, 23, 421, 797
What are the prime factors of 531277890?
2, 3, 5, 11, 13, 59, 2099
List the prime factors of 552480554.
2, 276240277
What are the prime factors of 114163588?
2, 7, 11, 370661
List the prime factors of 371697971.
157, 199, 11897
What are the prime factors of 5676903006?
2, 3, 946150501
List the prime factors of 42504964.
2, 17, 83, 443
List the prime factors of 3744021615.
3, 5, 379, 658579
What are the prime factors of 655753916?
2, 19, 29, 113, 2633
List the prime factors of 5765831055.
3, 5, 128129579
List the prime factors of 490130245.
5, 11, 397, 22447
List the prime factors of 123347290.
2, 5, 11, 479, 2341
List the prime factors of 21582587.
13, 1660199
List the prime factors of 31093557.
3, 11, 19, 101, 491
What are the prime factor